posite number?
True
Let k = 33 - 27. Suppose -k*a + 614 = -8*a. Let i = a + 860. Is i a prime number?
False
Let y(f) = 335*f**2 - 111*f + 1743. Is y(25) composite?
True
Suppose -211*u - 3210778 = -213*u. Is u prime?
True
Let z = -14802 + 38773. Is z prime?
True
Suppose -4*i - 4*y + 16 = 0, 5*i + 2*y - 6 = 5. Let d be 4 + (-1)/(i/(-4)). Is (d/12)/(8/12804) a composite number?
True
Suppose -2529 = -2*a - 0*a - 5*v, 5*a + 5*v = 6330. Suppose -414 + a = -f. Let t = f - -1824. Is t a prime number?
True
Let z = 251 + -258. Let a(u) = -417*u + 20. Is a(z) composite?
False
Suppose 7*n + 15 = 50. Suppose n*h = a - 75, -h + 0*a = -2*a + 24. Is (h/(-35) - (-1543)/(-20))*-4 a composite number?
False
Let z = 1558810 - 729209. Is z prime?
True
Let s(c) be the second derivative of 875*c**4/12 + 19*c**3/6 - c**2/2 + 15*c. Is s(-3) a prime number?
True
Let r be 2*-3*3/6. Let l(w) = -w + 1. Let v be l(r). Suppose 0*n + 4*q = 2*n - 174, -v*n = -2*q - 354. Is n prime?
True
Let k(n) = -228*n**2 + 29*n - 56. Let l(a) = 76*a**2 - 10*a + 19. Let c(u) = -6*k(u) - 17*l(u). Let b be (-7)/4 + (-304)/(-64). Is c(b) composite?
True
Let y(m) = 7*m**3 - 2*m**2 + 2*m - 1. Let n be y(1). Suppose 2*h = -o + 9, n*h - 5*o - 20 = 3*h. Suppose 0 = 3*u - h*u + 406. Is u a prime number?
False
Let w be (1*(1 - 2) + 1)*1. Suppose 2*r + 4*d = 2 - 0, -2*d + 6 = w. Let t(m) = 51*m**2 - 3*m + 1. Is t(r) prime?
True
Let a(b) = b - 23. Let y(m) = 24. Let v(i) = 4*a(i) + 3*y(i). Let q be v(7). Is q/(-16) + (-190)/(-4) prime?
True
Let i(p) be the third derivative of 43*p**5/30 - 3*p**4/8 + 9*p**3 + 2*p**2 + 28*p. Is i(5) a composite number?
True
Suppose 689*l - 693*l = 2*j - 169710, 5*j = -l + 424284. Is j composite?
False
Is -5*(-8 - -16)*(-2)/(-16) - -189576 a composite number?
True
Suppose -34 = -15*z - 4. Is z/((-670278)/134058 - -5) prime?
True
Suppose 3*h - 414659 = -5*f, -4*f = 3*h + 16261 - 430919. Is h a composite number?
True
Let o(i) = 37*i**2 - 152*i + 18. Let f be o(4). Suppose -2*a + 1137 = -5*a. Is f/3*(6 - 4 - a) a prime number?
False
Let v(j) = 644*j + 11. Suppose 2*c + 0*c = -5*o + 26, 4*c - 28 = -4*o. Is v(c) prime?
False
Let b be -2*(-6)/(-4) - -1*3. Is 1/((2271/(-1137) - b) + 2) a prime number?
True
Let i be (2/(-8)*(-3 - -7))/(-1). Let z be ((-6)/(-4))/((-2)/(-4)). Suppose -z*v + 3*x + 6486 = 0, 5*x + i = 4*x. Is v a prime number?
True
Let c(h) = h**3 + 9*h**2 + 8*h + 8. Let b be c(-8). Suppose r - b = 5*t, 2*r - 3*t = -r - 24. Let f(a) = -2*a**3 - 7*a**2 + 2*a + 13. Is f(r) composite?
False
Let u(j) = 127*j**3 - 3*j + 3. Let g(n) = -n**3 - 4*n**2 + 5*n + 1. Let p be g(-5). Suppose p = -c - z + 6, 0 = z - 4. Is u(c) composite?
False
Let j be 1/14*-4*(-581)/1. Suppose -170*d = -j*d - 14636. Is d a prime number?
True
Is -103*4*102/(-68)*(-11721)/(-18) a prime number?
False
Is 3 - (-6 + (-936160)/5) composite?
True
Suppose -285*z = -353*z + 22640396. Is z a composite number?
False
Suppose 0 = 2*h + h - 5*j - 11, -4*j - 4 = 0. Let m be (2/(-4))/(4/(-24)). Suppose 0 = -4*t - h*w + 1930, -m*t + 2*w = -840 - 625. Is t a prime number?
False
Suppose 10*t + 63077 = -61543. Let f = t - -19457. Is f a composite number?
True
Let x(f) = -8*f**3 + 2*f**2 - 12*f + 49. Is x(-20) prime?
True
Suppose -4*h + 9*h = 3930. Suppose -1750 = -8*m + h. Is m composite?
False
Let x = 108343 - 54644. Is x a prime number?
True
Let q be (-6)/12*(6/1)/(-1). Suppose -16 = -s + q*h, -2*s = -h + 2*h - 11. Suppose -2515 = -s*g + 2*g. Is g a composite number?
False
Suppose 8*i + d = 7*i + 1720, -5184 = -3*i + 5*d. Suppose -2*k + 5*c + i = 0, 612 + 1132 = 2*k + 2*c. Is k a prime number?
False
Suppose 3*w - 69 - 24 = 0. Let u = 10 - w. Is (-20871)/(-63) - 2*(-3)/u prime?
True
Is (-9)/(-21) + (-2)/((-14)/850595) prime?
False
Is 3*3389*31/93 composite?
False
Suppose 0 = -17*g + 137 + 16. Suppose 6*i = -4*r + g*i + 27125, r = -3*i + 6770. Is r a prime number?
True
Let m(c) = 33*c + 11609. Is m(96) composite?
True
Let o = -825 + 277. Let l = -1851 + 350. Let f = o - l. Is f composite?
False
Suppose -5*v - k = 1631613, 4*v + 604183 = 5*k - 701090. Is v/(-36)*4/6 prime?
True
Let s(t) = -t**3 - 3*t**2 + 18*t + 21. Let a(g) = -2*g**2 + 8*g. Let y be a(5). Is s(y) a prime number?
True
Let q = 7 + -6. Let y be ((q - 2)*1)/1. Is (-161)/(-1) + -3*y/(-1) composite?
True
Let u(o) be the first derivative of -23*o**2/2 + 7339*o + 121. Is u(0) a prime number?
False
Let g be (-2 + 2 + -1)*(-9090)/9. Let s be -1 + 40/6 - 4/6. Suppose -5*d + g = s*i, 0*d = i + 2*d - 205. Is i prime?
True
Let k = 26 + -54. Let v = 95 + k. Suppose 0*m - m = -v. Is m a prime number?
True
Let j(y) = -y**3 - 10*y - y**2 - 4*y + 3 - 5*y**2 - 2*y**2. Let z(l) = -2*l**3 - 16*l**2 - 27*l + 6. Let k(g) = -5*j(g) + 3*z(g). Is k(-9) composite?
True
Suppose 253*a + 12 = 254*a. Suppose 5*i + 5299 = a*i. Is i a composite number?
False
Let c(l) = 125*l + 14 - 9 - 3. Let i be c(-3). Let p = 1839 + i. Is p composite?
True
Let w be (8/((-264)/(-77)))/(14/12). Let r(y) = 2*y**3 - 5*y**2 - 4*y + 1. Let v be r(5). Suppose -54 = w*i - v. Is i a composite number?
True
Is -6 + 340637 + 1 - 10 - 11 composite?
True
Suppose 4*m - 4*h = 244, -5*h = -5*m - 2*h + 301. Suppose -10*d + m = 9. Suppose d*i + s - 1997 = -2*s, 2*i = s + 790. Is i a prime number?
True
Suppose -5*u + 5*y = -1720, -y + 354 = 2*u - u. Let m = 334 + u. Is m prime?
True
Let v(g) = -3931*g + 1528. Is v(-19) prime?
False
Let d be (3/(-6) + 0)*4376. Let x = 3177 + d. Is x composite?
True
Let s = -848 + 853. Suppose -128531 = -s*x - 23476. Is x a composite number?
False
Let v(k) = -25*k**3 + 41*k**2 + 58*k + 163. Is v(-15) composite?
False
Let i = 29833 + 208740. Is i a prime number?
True
Let q = 22088 - 8733. Is q prime?
False
Suppose 167963 - 676313 = -30*j. Is j a prime number?
False
Let o(v) = v**2 + 10*v + 3. Let q be o(-10). Suppose 10*m - 154 = q*m. Is m composite?
True
Let f be (-3)/3*(-5 + 6). Is -9026*(-6 + (-9)/(-2) + f) a composite number?
True
Let m be -1 + -6740 + 2 + 4. Let a = 13256 + m. Is a prime?
True
Let z = 62 - -20. Let b = -43 + z. Suppose 161*l - b = 160*l. Is l a prime number?
False
Is (-33)/(-22)*((-44)/(-77))/(18/2224803) a composite number?
False
Suppose -2*t - s = -90857, -3*t + 4*s = -151852 + 15583. Is t prime?
True
Suppose 13*i = 12*i - 54*i + 5339015. Is i prime?
True
Let t be -210*(36/(-30))/3. Is (-16353)/(-12) - (-21)/t prime?
False
Let v = -123 + 124. Let k be ((-48)/2)/(-4) - v. Suppose -k*g + 4877 = 2*n, -3*n = -2*g - 6*n + 1942. Is g a prime number?
True
Let v = -276 - -208. Let z = 59 - v. Is z prime?
True
Let x = 2279800 - 724353. Is x a composite number?
True
Suppose 46 - 21 = 5*y. Suppose y*l - 1588 = 4*b + 1757, -4*b = 0. Is l a composite number?
True
Let h(x) = 468*x**3 - 14*x**2 + 9*x + 76. Is h(5) a prime number?
True
Suppose -4*l + 2*w = -149166, w = -52*l + 53*l - 37292. Is l a composite number?
True
Suppose 179*f = 16*f - 92405748 + 241710325. Is f composite?
True
Let h = 37190 + 3971. Is h prime?
True
Let z(k) = -k**3 - 5*k**2 - 4*k + 7. Suppose -43*s = -46*s - 12. Let n be z(s). Suppose 3*m - 2*y + n*y = 4093, 5*m + 5*y = 6815. Is m prime?
True
Let x(d) = 14785*d**2 - 115*d - 477. Is x(-4) prime?
False
Suppose 2*c + 4*v + 24 = -0*c, -3*v - 4 = -2*c. Is (-82)/(c*4/344) composite?
True
Let c be 1 + (-21)/15 + 270315/(-25). Let q = 17262 + c. Is q a composite number?
False
Suppose 0 = 4*p + 3*y - 1418185, -2*y = p - 299794 - 54751. Suppose -40*r + p = -9*r. Is r a composite number?
False
Is (3 + -3 + 271)*29 a prime number?
False
Suppose 44 = -10*r + 14*r. Let w(s) = s**2 - 12*s + 16. Let j be w(r). Suppose -9159 - 12926 = -j*i. Is i a composite number?
True
Suppose -2*y = 54394 - 245930. Suppose 7*v - y = -v. Suppose -d = -10*w + 7*w + v, -3*d + 19933 = 5*w. Is w composite?
False
Suppose 975 = 2*l - 4*v + 3*v, 0 = -l + v + 490. Let x = -328 + l. Is x prime?
True
Suppose -43*y = 18*y + 427854. Let p = y + 14813. Is p a prime number?
False
Let q be 10/15*((-27)/(-2))/3. Suppose q*n - 3 = 0, a + 5*n - 249 + 39 = 0. Is a a composite number?
True
Let k(t) = 8*t**3 - 5*t**3 + 9*t**2 + 12*t + 36 + 7*t**2 - 51. Is k(12) a composite number?
True
Suppose -21*w + 25*w = 4*q + 6164, -w + 1535 = q. Let y(f) = 34*f**2 - 6*f + 5. Let b be y(-5). Let l = w - b. Is l comp